 -39) + -1 + (-2 - -2) + 24 + -2.
12
What is the value of 38 - (2 + -117 - (-429 + 395))?
119
Evaluate 38 - ((-24 - (-37 + 1)) + (1 - 2)).
27
Calculate -81 + 173 + -63 - 38.
-9
Calculate (0 - (45 + -10 + 3)) + (-12 - 2 - -12).
-40
What is the value of (17 - -1) + 1600 + -1642?
-24
Evaluate (28 - (-1 - 1)) + -14 + (-2 - -8 - -11).
33
Calculate 38 - (-9 + 3 - (-22 + 27)).
49
What is 97 + -76 - (6 + -9 - 17)?
41
Evaluate -11 + (2 - -1 - (13 + -5)) + 8 + -30.
-38
Evaluate 7 + (696 - 679 - (6 - 2)) + -2 + -121.
-103
What is 51 + (-2 - -12 - 12 - (2 - -7))?
40
What is 209 - 117 - (23 + 10 + -6)?
65
What is the value of 10 + 0 + (-1720 - -1745)?
35
Calculate (0 - ((16 - 15 - -2) + -7 + 1)) + 135.
138
-53 + 85 + (-5 - (-2 + -5)) + 11
45
Calculate -19 - (-92 + 43 + 29).
1
Calculate -9 - ((-2 - -10 - -3) + -2 - (766 + -755)).
-7
Calculate 13 + (-2 + 22 + -137 - -13).
-91
Calculate -111 - (-36 + -27) - -1.
-47
Evaluate -43 + (-19 + -15 - -19) + 7 - -2.
-49
What is the value of 89 + (159 - 35) + -141?
72
Evaluate -21 + 40 + (-22 - (-12 + 8)).
1
What is the value of -25 + 1 - (3593 + -3593)?
-24
What is -49 + (2 - 5) - (-7 + (-11 - (-17 - 13)))?
-64
(45 - 46) + 13 - 29
-17
-4 + (-1 - -20) - (-7 + (2 - -5))
15
What is the value of -3 - (-42 + -28) - (-7 + -5 - -25)?
54
What is the value of 97 + -113 + (-8 - 5 - -8)?
-21
Calculate -41 + -3 - (24 - -61 - 61) - -17.
-51
(-38 - (15 + -3)) + 57
7
Evaluate (43 - 74) + 10 + (-5 - 2) - -14.
-14
What is the value of 134 + -1 + (-73 - -50 - (-4 - 7)) + 2?
123
-30 + (116 - -1 - (7 + -40))
120
Calculate -58 - (-54 - -104 - 75).
-33
What is -4 - (17 - 5 - 23 - -2)?
5
Evaluate (6 - 58) + 17 + -4.
-39
-10 - (-78 + 94 - (-1 + 8))
-19
Calculate 31 + (-78 - 0) + 1.
-46
What is 18 + (-791 - -763) + (16 - -1)?
7
Evaluate -26 - (-27 - 39) - 23 - 22.
-5
What is the value of 966 + -977 + 2 + 56?
47
What is 4 - (-8 - 20) - (74 - -20)?
-62
What is the value of (51 - -12) + (14 - 99)?
-22
What is the value of (-14 - 1) + 797 + -810?
-28
Evaluate -13 - (42 - 36 - (6 + 4) - -17).
-26
-80 - (43 + 39 + -164)
2
Evaluate (-16 - 35) + 8 + (-6 + 1 + 14 - 6).
-40
What is (21 - 27) + 17 + -24 + -85?
-98
Calculate -97 - (12 + -30 + 32 + -30).
-81
Evaluate -82 + 15 + (-17 - (11 + -17)) - 5.
-83
What is (-4 - (-12 - -19 - 8)) + -4 - 34?
-41
Calculate 1 + -1 - (-6 - (-30 - -25)) - -36.
37
-245 + 229 + (7 - 0 - (6 - 2))
-13
Evaluate -2 - (-7 - (6 + 0)) - (33 + -18 + -45).
41
-28 + 22 - (-44 + (-4 - (-1 + 1)))
42
146 + 0 + 12515 + -12662
-1
-24 - 0 - (31 + -49 + 41 + -4 - 15)
-28
Calculate -17 + -2 - (-1720 + 1688).
13
What is -376 + 404 - (-4 + 20 - -4)?
8
-38 + -21 - -13 - (1 - 21)
-26
56 - (5 - (27 + -22) - (-5 + 8 + -3))
56
Calculate -119 + 148 + (0 - (-9 - -1)) - -12.
49
Evaluate 19 + 44 + -20 + -42 + -118.
-117
-28 - (146 + -466 + 160)
132
(-11 - -28 - (4 - (5 + -2))) + (3 - -5)
24
What is (-20 - (8 - 12) - (-30 - 4)) + 94?
112
What is (-13 - (-32 + -1)) + -29 + (-4 - -3) + 10?
0
What is the value of (8 - 0 - (-8 + (-14 - -23))) + -1 + 32?
38
What is the value of (15 - 22) + 7 + 1 + 13 - 4 - 40?
-30
What is the value of (-20 - (15 + -30) - -32) + (7 - -13)?
47
-10 + 26 + -61 + 165 - -1
121
(-13 - -2) + -120 + 31 - (45 + -59)
-86
What is the value of -2 + -33 - (-174 - -239)?
-100
What is 92 - (-53 + -118 + 198)?
65
Calculate -87 - (-12 + (13 - (13 + 0)) + 7 + 9).
-91
What is the value of (-10 - 21) + -5 + 59 + 10?
33
(13 - 6) + 5 - (112 - 132)
32
What is 9 + -14 + -36 + 189 + -182?
-34
What is (-2 - 1 - (-76 + 68)) + 0 + -21?
-16
What is the value of 19 + (1 + 2 - 2) + (163 - 142 - 11)?
30
Evaluate -9 + -1 - (4 + -5) - -26.
17
34 + -30 + -53 + 85
36
-27 - (-39 + 18) - (4 - 18) - (42 + -1)
-33
(17 + -34 - -42) + -22 + 13
16
Calculate 7 - (2 + -1 - (1 + 0)) - (-81497 + 81517).
-13
21 + (-110 - (63 + -127))
-25
What is -124 - (-1 + (-3 - -3) - (-416 - -426))?
-113
Calculate -36 - (8 + -3) - (-602 + 469).
92
Calculate -20 - (6 + -30 + 49).
-45
4 + -56 - (-527 - -538 - ((2 - 1) + 4))
-58
What is the value of (-17 - -28) + -13 + 9 + 13 + 86?
106
What is the value of 39 + -12 + (-95 - -19) + (0 - 2 - 2)?
-53
Calculate -61 + (-8 - -66) + -37.
-40
Calculate 97 + 11 + -47 - 8.
53
What is (-1 + 16 - 6) + (-5 - 8) + 42?
38
Evaluate -1314 - -1212 - (-105 - 8).
11
Calculate (135 - (144 - 69)) + 11.
71
What is the value of -14 + 19 + -14 - ((8 - 14) + -4)?
1
What is 4 + 0 - ((-2 - -41) + -97 + 94)?
-32
What is 108 - -34 - (23 - -251)?
-132
What is (-95 - -81) + (7 - (29 + 2))?
-38
Calculate (-108 - -80) + (-81 - -125).
16
Calculate (-12 - -10 - -10) + -17 - 27.
-36
Evaluate -43 - (-22 + -9 + 49).
-61
-2 + (2 - 60 - -9 - ((6 - 18) + 5))
-44
What is 10 - ((-23 - (4 - 1)) + 92)?
-56
What is (56 + -13 - (-14 + 29)) + -24 + 0 + -15?
-11
What is the value of -82 + 62 + -51 - -62?
-9
-13 + 1 + 23 + -11 + (25 - (10 + -8))
23
What is the value of 62 - 16 - (28 + -15 + -6)?
39
What is -1 + -49 + (-857 - -911)?
4
Evaluate -38 - (51 + -34 - 111).
56
Evaluate 4 - (24 - 25) - (2 - -1) - -8.
10
Evaluate -2 + -14 + (11 - 21 - (66 + -1)).
-91
Evaluate 83 - (12 + 106) - -55.
20
Calculate (7 - -35 - (2 + 29)) + (65 - (1 - -1)).
74
-29 + (37 - 11) + 0 + 3 + -2
-2
Calculate 2 + 93 + 2911 + -2955.
51
What is (-29 - (-86 + 50)) + -44?
-37
(-153 - -89) + (23 - (8 + 10))
-59
Calculate -8 + (22 - 29) - (8 - 7).
-16
Calculate 3 + 45 + 0 - (5 - 17 - 0).
60
-10 + 8 + -5 - (-17 - (-9 + -2))
-1
What is (-16 - -30 - (82 - 63)) + (-1 - 2)?
-8
What is (16 - ((-43 + 11 - 5) + 8)) + -14?
31
Evaluate 11 + (-1 + 38 - (7 + (1 - (-4 - -11)))).
47
Evaluate 65 - (-19 + -48 + 102).
30
Evaluate (-109 - (-43 + -52)) + 2 + -4 - 9.
-25
What is 5 + (-24 + 32 - 31 - -21)?
3
What is the value of (-52 + -13 + 24 + -8 - 3) + 1?
-51
What is the value of -16 + (28 + 8 - 15) + -44?
-39
What is the value of -4 - 16 - -4 - ((-335 - -362) + (-20 - 0))?
-23
What is the value of 6 + (-14 - 31) + 47?
8
Calculate -84 + (6 - ((7 - 1) + (9 - (5 - -13)))).
-75
Calculate 0 + -1 + 14 + (-145 - -185) + -13.
40
Calculate (4 + -122 - -9) + -2 + -2 + 7 + -5.
-111
-10 - (186 - 178 - (1 + 1 + 0) - 8)
-8
What is the value of -5 + -56 + 19 + -29 + 17 - -8?
-46
(-105 - -45) + 19 + -21 + 0
-62
What is the value of -73 - (-19 - -3 - (-84 - -79))?
-62
What is -277 - -340 - (-4 + -28)?
95
What is -1 - 36 - (49 + (216 - 260))?
-42
What is 3 + (56 - 15) + -48?
-4
What is (-6 - (10 - 18)) + 0 + 8 + 23 + 62?
95
Calculate (-13 - ((0 - -4) + -15 + -17 + 30)) + 9.
-6
Calculate 81 + -110 + (171 - 70).
72
Calculate 39 + (-3 + -2 + (2 - -11) - (36 - 29)).
40
Calculate (31 - (-88 + 109)) + 71.
81
16 - (-12 - (-35 + 2 - -12))
7
Calculate 2 + (-1 - 1) - (-22 + -5 + 19).
8
What is -1 + (3 - (-6 + 21 + -5) - (-6 - 1))?
-1
-107 + 8 + 128 - (1 + -21)
49
Calculate -2 + -1 + 1 - (-9651 + 9672).
-23
What is the value of 1 + -13 + 0 + (2406 - 2393) + -1?
0
Evaluate 12 + -8 + 11 + (-38 - (-13 + 7)).
-17
Calculate 17 - (-186 + 55 + (9 - -14)).
125
-70 - -71 - 65 - (-14 + -1)
-49
What is (-14 - (-19 + (18 - (1 - -10)))) + 34?
32
(14 - (41 - 16)) + -37 - 1
-49
-119 + 115 - (51 + -27 - (-1 + -5))
-34
Evaluate (104 - 117) + (-10 - (-15 + -9)).
1
Evaluate -88 - (-4 - (47 + -17)).
-54
Evaluate (1 - 1) + (159 - (-138 + 367)).
-70
Evaluate 15 + (6 - 6 - -1 - -14) + -13.
17
What is (-42 - -1) + (31 - 14 - 8) + -6?
-38
What is the value of (11 - (-15 + -40 + 9)) + -3 - (3 - -2)?
49
What is the value of 15 + (18 - 55 - -14) - -39?
31
What is 19 - (-12 - -45) - (4 - -35 - 0)?
-53
-1 + 21 - (-1801 + 1795)
26
Evaluate 36 - (-44 + (80 - 68)).
68
54 + (-7 - -1) + (4 - (23 - 7)) + 20
56
Calculate (121 - 80) + (-2 - -1).
40
Evaluate 2 + 2 + 7 + -3 + (-18906 - -18751).
-147
What is the value of 164 + -133 + (-13 - -4) + (0 + 2 - 1)?
23
Evaluate (38 - 134) + (82 - -20).
6
What is (-8 - -9) + -6 + -16 - 1?
-22
What is the value of -1 - -15 - (-208 - (-73 + -71))?
78
14 - ((-5 + 1 - -82) + 107 + -89)
-82
-76 + -24 + 86 + (-2 - -48)
32
(-111 - (-62 - -26)) + 132
57
What is the value of 1 - (38 - -1 - (-16 + -15 + 17))?
-52
Calculate 0 - (-4 - (5 + -4) - (3 + 34)).
42
What is the value of -76 + (39 - -4) + 98?
65
-5 - (10 - 3) - (4 + 18 - -32)
-66
35663 + -35654 - (-58 + (0 - -1) + 0)
66
What is 0 - -81 - (-81 + 119)?
43
-48 + (-47 - -50 - (-1 - -11))
-55
What is -23 + (20 - 1